{"id":52,"date":"2012-08-17T08:38:14","date_gmt":"2012-08-17T08:38:14","guid":{"rendered":"http:\/\/neuroklinikken.standoutmedia.dk\/?page_id=52"},"modified":"2025-04-29T15:06:52","modified_gmt":"2025-04-29T15:06:52","slug":"behandling-mod-rynker","status":"publish","type":"page","link":"https:\/\/neuroklinikken.dk\/?page_id=52","title":{"rendered":"Behandling mod rynker"},"content":{"rendered":"<div>Over de seneste \u00e5r har vi erfaret, at unge personer har \u00f8nske om kosmetisk behandling med botulinum toksin med \u00f8nske om at \u00e6ndre ansigtstr\u00e6k og forebygge rynker, snarere end at behandle egentlig aldringstegn<\/div>\n<p>I Neuroklinikken tilbydes der kun behandling til personer over 25 \u00e5r, og kun i det tilf\u00e6lde at det findes indiceret.<\/p>\n<p>Der henvises i \u00f8vrigt til Verdensl\u00e6geforeningens (WMA) udtalelse om \u00e6stetisk behandling (<a href=\"https:\/\/www.wma.net\/policies-post\/wma-statement-on-aesthetic-treatment\" target=\"_blank\" rel=\"noopener\" data-saferedirecturl=\"https:\/\/www.google.com\/url?q=https:\/\/www.wma.net\/policies-post\/wma-statement-on-aesthetic-treatment&amp;source=gmail&amp;ust=1721410999818000&amp;usg=AOvVaw2NpFY_D0JNE0vpcmH-XBmp\">https:\/\/www.wma.net\/policies-<wbr \/>post\/wma-statement-on-<wbr \/>aesthetic-treatment<\/a>).<\/p>\n<p>Information ang\u00e5ende behandling af rynker med botulinumtoksin i Klinik for Klinisk Neurofysiologi (Sdr. H\u00f8jrup, K\u00f8benhavn, Vamdrup, Hadsten, Esbjerg, Viborg og Holstebro).<\/p>\n<p>Som \u00e5rene g\u00e5r, bem\u00e6rker mange, at de f\u00f8r s\u00e5 charmerende smilerynker omkring \u00f8jnene bliver permanente og giver et tiltagende \u00e6ldet udseende. I de senere \u00e5r er flere behandlingsmetoder mod rynker dukket op.<\/p>\n<p>En af metoderne er injektioner af botulinum toksin i muskulaturen lige under ansigtshuden.<\/p>\n<p>I Danmark findes botulinum toksin i flere pr\u00e6parater. Hos Neuroklinikken anvendes pr\u00e6paratet &#8220;Dysport&#8221; fra firmaet &#8220;Ipsen&#8221;.<\/p>\n<p>Pr\u00e6paratet virker ved i l\u00f8bet af typisk 2-5 dage at blokere nerveenderne i de behandlede muskler. Der er tale om sm\u00e5 m\u00e6ngder toksin og den kosmetiske virkning beror p\u00e5, at huden glattes ud (typisk efter et par uger), da muskulaturen under den afslappes og derfor ikke &#8220;folder&#8221; huden. Nerveenderne vil med tiden (typisk 1,5-3 m\u00e5neder) gradvist begynde at fungere igen og man kan igen &#8221; folde&#8221; huden, men i det afslappede ansigt kan der g\u00e5 flere m\u00e5neder f\u00f8r denne &#8220;foldning&#8221; giver synlige rynker. Der er s\u00e5ledes forskel i varigheden af den neurologiske lammelses effekt og den kosmetiske effekt i det afslappede ansigt. Injektionerne kan anl\u00e6gges lige ud for ydre \u00f8jenkrog, mellem \u00f8jnene eller i panden. Der kan ogs\u00e5 behandles omkring munden for rynker, ligesom nedad h\u00e6ngende mundvige kan behandles med injektioner ved k\u00e6bekanten. Endelig kan der foretages \u00f8jenbrynsl\u00f8ft og en let forst\u00f8rrelse af l\u00e6ber (&#8220;lip flip&#8221;). Pr\u00e6paratet kan ogs\u00e5 anvendes til nedbringning af svedm\u00e6ngde (her blokeres nerverne til svedkirtlerne) og formindskelse af k\u00e6bemuskler (V-shape). Behandlingen er ikke effektiv overfor rynker for\u00e5rsaget af l\u00f8s hud (f.eks. &#8220;poser under \u00f8jnene&#8221;).<\/p>\n<p>En skuffende effekt af den f\u00f8rste behandling udelukker ikke, at flere behandlinger efterf\u00f8lgende kan\u00a0 medf\u00f8re et tilfredsstillende resultat. Er der ikke tilfredsstillende effekt efter 2-3 behandlinger, er der n\u00e6ppe udsigt til brugbare resultater ved fortsatte behandlingsfors\u00f8g med botulinumtoksin.<\/p>\n<p>Det er vanskeligt at forudse effekten af behandlingen med botulinum toksin hos den enkelte, ligesom det ikke er muligt at pege p\u00e5 en bestemt aldersgr\u00e6nse for udsigt til god effekt.<\/p>\n<p>Erfaringsm\u00e6ssigt vil effekten af behandlingen ved p\u00e5begyndelse, n\u00e5r man har rundet 60-70 \u00e5r, ofte v\u00e6kke mindre begejstring.<\/p>\n<p>Det anbefales, at man ikke kommer til ny behandling (heller ikke hvis der er tale om en ny lokalisation) f\u00f8r efter mindst 3 m\u00e5neder efter injektioner, da der ellers er risiko for, at immunforsvaret &#8220;opdager&#8221; det fremmede protein, som botulinum toksinet er, og danner antistoffer imod dette. Disse kan nedbryde pr\u00e6paratet, som derved mister sin virkning. Korrektioner med ganske sm\u00e5 doser menes dog ikke at give risiko for immunitet. Hvis der er behov for korrektion, skal man henvende sig senest 1 m\u00e5ned efter behandlingen. Der er altid plads til korrektioner, selvom der er angivet &#8220;Udsolgt&#8221; under oversigten vedr\u00f8rende &#8220;Behandlingsdage&#8221;.<\/p>\n<p>Botulinum toksin m\u00e5 ikke anvendes hos gravide, ammende eller kunder med sygdommen myastenia gravis.<\/p>\n<p>Bivirkninger:<\/p>\n<p>Toksinet kan bev\u00e6ge sig ned over det \u00f8vre \u00f8jenl\u00e5g og fremkalde &#8220;ptose&#8221;, det vil sige, at \u00f8jenl\u00e5get &#8220;h\u00e6nger&#8221;. Desuden (og mere hyppigt) kan \u00f8jenbrynene blive s\u00e6nket, hvis pandens muskler f\u00e5r en lidt for h\u00f8j dosis. Disse sj\u00e6ldne bivirkninger svinder spontant, men kan vare 2-6 uger. For at minimere ptose-risiko anbefaler vi start med lille dosis i panden og man b\u00f8r undg\u00e5 at trykke p\u00e5 de injicerede omr\u00e5der de f\u00f8rste 3-4 timer efter injektionerne.<\/p>\n<p>Der kan optr\u00e6de r\u00f8dme, bl\u00f8dning og infektioner p\u00e5 injektionsstedet. Det anbefales, at man p\u00e5 behandlingsdage undg\u00e5r sminke i ansigtet, da det alligevel skal renses af f\u00f8r behandlingen af hensyn til netop infektionsrisiko.<\/p>\n<p>Endelig kan injektionerne v\u00e6re forbundet med kortvarig smerteoplevelse og ubehag.<\/p>\n<p>Sundhedsstyrelsens regler:<\/p>\n<p>Klinikken er registeret af Styrelsen for Patientsikkerhed til behandlinger p\u00e5 klinikken i Sdr. H\u00f8jrup, K\u00f8benhavn, Vamdrup, Esbjerg, Hadsten, Viborg og Holstebro (se\u00a0 klinikkens hjemmeside: <a href=\"http:\/\/www.neuroklinikken.dk\/\">www.neuroklinikken.dk<\/a>). If\u00f8lge cirkul\u00e6ret for kosmetisk behandling skal der v\u00e6re en bet\u00e6nkningstid p\u00e5 mindst 2 dage fra forbes\u00f8g eller forsamtale over telefon (der dokumenteres ved underskrift ved f\u00f8rste behandling i klinikken). Der er henvist til denne skrivelse p\u00e5 Neuroklinikkens hjemmeside ved telefonisk forsamtale eller den er udleveret ved fysisk fremm\u00f8de til forunders\u00f8gelse. Herefter er bet\u00e6nkningstid ikke n\u00f8dvendig. Man har ret til at medbringe en bisidder ved s\u00e5vel forbes\u00f8g som ved alle behandlinger. Man skal oplyse sit fulde navn og CPR nummer.<\/p>\n<p>Sdr H\u00f8jrup d. 29.04..2025<\/p>\n<p>Jens Erik Just Christensen<\/p>","protected":false},"excerpt":{"rendered":"<p>Over de seneste \u00e5r har vi erfaret, at unge personer har \u00f8nske om kosmetisk behandling med botulinum toksin med \u00f8nske om at \u00e6ndre ansigtstr\u00e6k og forebygge rynker, snarere end at behandle egentlig aldringstegn I Neuroklinikken tilbydes der kun behandling til personer over 25 \u00e5r, og kun i det tilf\u00e6lde at det findes indiceret. Der henvises [&hellip;]<\/p>\n","protected":false},"author":1,"featured_media":0,"parent":0,"menu_order":0,"comment_status":"open","ping_status":"open","template":"","meta":[],"_links":{"self":[{"href":"https:\/\/neuroklinikken.dk\/index.php?rest_route=\/wp\/v2\/pages\/52"}],"collection":[{"href":"https:\/\/neuroklinikken.dk\/index.php?rest_route=\/wp\/v2\/pages"}],"about":[{"href":"https:\/\/neuroklinikken.dk\/index.php?rest_route=\/wp\/v2\/types\/page"}],"author":[{"embeddable":true,"href":"https:\/\/neuroklinikken.dk\/index.php?rest_route=\/wp\/v2\/users\/1"}],"replies":[{"embeddable":true,"href":"https:\/\/neuroklinikken.dk\/index.php?rest_route=%2Fwp%2Fv2%2Fcomments&post=52"}],"version-history":[{"count":14,"href":"https:\/\/neuroklinikken.dk\/index.php?rest_route=\/wp\/v2\/pages\/52\/revisions"}],"predecessor-version":[{"id":1745,"href":"https:\/\/neuroklinikken.dk\/index.php?rest_route=\/wp\/v2\/pages\/52\/revisions\/1745"}],"wp:attachment":[{"href":"https:\/\/neuroklinikken.dk\/index.php?rest_route=%2Fwp%2Fv2%2Fmedia&parent=52"}],"curies":[{"name":"wp","href":"https:\/\/api.w.org\/{rel}","templated":true}]}}